{"id":37968,"date":"2026-08-29T10:08:50","date_gmt":"2026-08-29T10:08:50","guid":{"rendered":"https:\/\/tierrasdelaveracruz.com\/eventos\/noches-de-verano-en-el-casco-antiguo-de-cehegin\/"},"modified":"2026-09-02T10:07:05","modified_gmt":"2026-09-02T10:07:05","slug":"noches-de-verano-en-el-casco-antiguo-de-cehegin","status":"publish","type":"evento","link":"https:\/\/tierrasdelaveracruz.com\/zh-hans\/eventos\/noches-de-verano-en-el-casco-antiguo-de-cehegin\/","title":{"rendered":"Noches de verano en el Casco Antiguo de Cehegin"},"content":{"rendered":"<p>La Concejal\u00eda de Turismo ha organizado una nueva visita guiada gratuita para el domingo 26 de septiembre con una ruta en el casco antiguo en colaboraci\u00f3n con Guiasmur y el Instituto de Turismo de la Regi\u00f3n de Murcia.\u00a0<\/p>\n<p>Vive la magia de las tardes estivales paseando por el centro hist\u00f3rico de\u00a0Ceheg\u00edn\u00a0cuando el calor da paso a la brisa y la ciudad muestra su cara m\u00e1s evocadora. Historia, patrimonio y ambiente veraniego se unen en una visita guiada pensada para disfrutar de Ceheg\u00edn con los cinco sentidos, enmarcada dentro del d\u00eda Mundial del Turismo.<\/p>\n<p>El punto de encuentro ser\u00e1 la Plaza del Alpargatero a las 20:30 horas.<\/p>\n<p>Si por razones climatol\u00f3gicas o por causas ajenas a la Oficina de Turismo se cancelara el evento, se avisar\u00e1 con suficiente antelaci\u00f3n a todas las personas que efectuaron la reserva. Se aconseja llevar ropa, zapatos c\u00f3modos.\u00a0<\/p>\n<p>Rogamos a las personas que hagan reserva y tengan que cancelar por cualquier motivo, lo hagan por favor a trav\u00e9s de la misma aplicaci\u00f3n antes del evento para poder dejar esa plaza libre para otra persona.<\/p>\n","protected":false},"featured_media":37936,"template":"","categories":[],"region_evento":[73],"class_list":["post-37968","evento","type-evento","status-publish","has-post-thumbnail","hentry","region_evento-cehegin"],"acf":[],"_links":{"self":[{"href":"https:\/\/tierrasdelaveracruz.com\/zh-hans\/wp-json\/wp\/v2\/evento\/37968","targetHints":{"allow":["GET"]}}],"collection":[{"href":"https:\/\/tierrasdelaveracruz.com\/zh-hans\/wp-json\/wp\/v2\/evento"}],"about":[{"href":"https:\/\/tierrasdelaveracruz.com\/zh-hans\/wp-json\/wp\/v2\/types\/evento"}],"wp:featuredmedia":[{"embeddable":true,"href":"https:\/\/tierrasdelaveracruz.com\/zh-hans\/wp-json\/wp\/v2\/media\/37936"}],"wp:attachment":[{"href":"https:\/\/tierrasdelaveracruz.com\/zh-hans\/wp-json\/wp\/v2\/media?parent=37968"}],"wp:term":[{"taxonomy":"category","embeddable":true,"href":"https:\/\/tierrasdelaveracruz.com\/zh-hans\/wp-json\/wp\/v2\/categories?post=37968"},{"taxonomy":"region_evento","embeddable":true,"href":"https:\/\/tierrasdelaveracruz.com\/zh-hans\/wp-json\/wp\/v2\/region_evento?post=37968"}],"curies":[{"name":"wp","href":"https:\/\/api.w.org\/{rel}","templated":true}]}}

<p>La Concejalía de Turismo ha organizado una nueva visita guiada gratuita para el domingo 26 de septiembre con una ruta en el casco antiguo en colaboración con Guiasmur y el Instituto de Turismo de la Región de Murcia. </p>
<p>Vive la magia de las tardes estivales paseando por el centro histórico de Cehegín cuando el calor da paso a la brisa y la ciudad muestra su cara más evocadora. Historia, patrimonio y ambiente veraniego se unen en una visita guiada pensada para disfrutar de Cehegín con los cinco sentidos, enmarcada dentro del día Mundial del Turismo.</p>
<p>El punto de encuentro será la Plaza del Alpargatero a las 20:30 horas.</p>
<p>Si por razones climatológicas o por causas ajenas a la Oficina de Turismo se cancelara el evento, se avisará con suficiente antelación a todas las personas que efectuaron la reserva. Se aconseja llevar ropa, zapatos cómodos. </p>
<p>Rogamos a las personas que hagan reserva y tengan que cancelar por cualquier motivo, lo hagan por favor a través de la misma aplicación antes del evento para poder dejar esa plaza libre para otra persona.</p>
