{"id":37967,"date":"2026-08-29T10:08:50","date_gmt":"2026-08-29T10:08:50","guid":{"rendered":"https:\/\/tierrasdelaveracruz.com\/eventos\/cehegin-vivira-una-cita-historica-en-su-plaza-de-toros\/"},"modified":"2026-09-01T10:17:08","modified_gmt":"2026-09-01T10:17:08","slug":"cehegin-vivira-una-cita-historica-en-su-plaza-de-toros","status":"publish","type":"evento","link":"https:\/\/tierrasdelaveracruz.com\/zh-hans\/eventos\/cehegin-vivira-una-cita-historica-en-su-plaza-de-toros\/","title":{"rendered":"Ceheg\u00edn vivir\u00e1 una cita hist\u00f3rica en su Plaza de Toros"},"content":{"rendered":"<p>El Club Taurino de Ceheg\u00edn ha acogido hoy la presentaci\u00f3n oficial de la corrida de toros con la que se conmemorar\u00e1 el 125 aniversario de la Plaza de Toros de Ceheg\u00edn. El festejo se celebrar\u00e1 el pr\u00f3ximo 10 de septiembre, a las 18:00 horas, coincidiendo con el d\u00eda de la patrona de la localidad, la Virgen de las Maravillas.<\/p>\n<p>El acto ha contado con la presencia de la alcaldesa de Ceheg\u00edn, Alicia del Amor; el Director de Asuntos Taurinos de la Regi\u00f3n de Murcia, Francisco Abril,\u00a0\u00a0el matador de toros Antonio Puerta; el ganadero Victorino Mart\u00edn; los empresarios Jorge Arellano y Manuel Mart\u00ednez Erice &#8211; Chopera; y el presidente del Club Taurino de Ceheg\u00edn, Pedro Moreno, quienes han destacado la importancia de un cartel que convertir\u00e1 esta efem\u00e9ride en uno de los grandes acontecimientos de las fiestas patronales.<\/p>\n<p>La corrida reunir\u00e1 a Manuel Jes\u00fas, El Cid, Manuel Escribano y el ceheginero Antonio Puerta, que lidiar\u00e1n un encierro de la prestigiosa ganader\u00eda de Victorino Mart\u00edn, cuya presencia ser\u00e1 hist\u00f3rica al tratarse de la primera vez que sus reses se lidiar\u00e1n en la Plaza de Toros de Ceheg\u00edn.<\/p>\n<p>La alcaldesa de Ceheg\u00edn, Alicia del Amor, destac\u00f3 que \u00abesta corrida representa un acontecimiento hist\u00f3rico para nuestro municipio, al conmemorar los 125 a\u00f1os de una plaza que forma parte de la identidad de Ceheg\u00edn. Contar por primera vez con la ganader\u00eda de Victorino Mart\u00edn y con un cartel de esta categor\u00eda supone un motivo de orgullo para todos los cehegineros y un aliciente m\u00e1s para vivir unas fiestas patronales inolvidables\u00bb.<\/p>\n<p>Durante la presentaci\u00f3n se puso en valor el significado de este 125 aniversario, destacando la Plaza de Toros como uno de los principales s\u00edmbolos patrimoniales, cul<\/p>\n","protected":false},"featured_media":37881,"template":"","categories":[],"region_evento":[73],"class_list":["post-37967","evento","type-evento","status-publish","has-post-thumbnail","hentry","region_evento-cehegin"],"acf":[],"_links":{"self":[{"href":"https:\/\/tierrasdelaveracruz.com\/zh-hans\/wp-json\/wp\/v2\/evento\/37967","targetHints":{"allow":["GET"]}}],"collection":[{"href":"https:\/\/tierrasdelaveracruz.com\/zh-hans\/wp-json\/wp\/v2\/evento"}],"about":[{"href":"https:\/\/tierrasdelaveracruz.com\/zh-hans\/wp-json\/wp\/v2\/types\/evento"}],"wp:featuredmedia":[{"embeddable":true,"href":"https:\/\/tierrasdelaveracruz.com\/zh-hans\/wp-json\/wp\/v2\/media\/37881"}],"wp:attachment":[{"href":"https:\/\/tierrasdelaveracruz.com\/zh-hans\/wp-json\/wp\/v2\/media?parent=37967"}],"wp:term":[{"taxonomy":"category","embeddable":true,"href":"https:\/\/tierrasdelaveracruz.com\/zh-hans\/wp-json\/wp\/v2\/categories?post=37967"},{"taxonomy":"region_evento","embeddable":true,"href":"https:\/\/tierrasdelaveracruz.com\/zh-hans\/wp-json\/wp\/v2\/region_evento?post=37967"}],"curies":[{"name":"wp","href":"https:\/\/api.w.org\/{rel}","templated":true}]}}

Cehegín vivirá una cita histórica en su Plaza de Toros

<p>El Club Taurino de Cehegín ha acogido hoy la presentación oficial de la corrida de toros con la que se conmemorará el 125 aniversario de la Plaza de Toros de Cehegín. El festejo se celebrará el próximo 10 de septiembre, a las 18:00 horas, coincidiendo con el día de la patrona de la localidad, la Virgen de las Maravillas.</p>
<p>El acto ha contado con la presencia de la alcaldesa de Cehegín, Alicia del Amor; el Director de Asuntos Taurinos de la Región de Murcia, Francisco Abril,  el matador de toros Antonio Puerta; el ganadero Victorino Martín; los empresarios Jorge Arellano y Manuel Martínez Erice &#8211; Chopera; y el presidente del Club Taurino de Cehegín, Pedro Moreno, quienes han destacado la importancia de un cartel que convertirá esta efeméride en uno de los grandes acontecimientos de las fiestas patronales.</p>
<p>La corrida reunirá a Manuel Jesús, El Cid, Manuel Escribano y el ceheginero Antonio Puerta, que lidiarán un encierro de la prestigiosa ganadería de Victorino Martín, cuya presencia será histórica al tratarse de la primera vez que sus reses se lidiarán en la Plaza de Toros de Cehegín.</p>
<p>La alcaldesa de Cehegín, Alicia del Amor, destacó que «esta corrida representa un acontecimiento histórico para nuestro municipio, al conmemorar los 125 años de una plaza que forma parte de la identidad de Cehegín. Contar por primera vez con la ganadería de Victorino Martín y con un cartel de esta categoría supone un motivo de orgullo para todos los cehegineros y un aliciente más para vivir unas fiestas patronales inolvidables».</p>
<p>Durante la presentación se puso en valor el significado de este 125 aniversario, destacando la Plaza de Toros como uno de los principales símbolos patrimoniales, cul</p>
