{"id":37963,"date":"2026-07-26T10:08:50","date_gmt":"2026-07-26T10:08:50","guid":{"rendered":"https:\/\/tierrasdelaveracruz.com\/eventos\/descubre-la-plaza-de-toros-de-cehegin-como-nunca-antes\/"},"modified":"2026-09-02T10:07:03","modified_gmt":"2026-09-02T10:07:03","slug":"descubre-la-plaza-de-toros-de-cehegin-como-nunca-antes","status":"publish","type":"evento","link":"https:\/\/tierrasdelaveracruz.com\/zh-hans\/eventos\/descubre-la-plaza-de-toros-de-cehegin-como-nunca-antes\/","title":{"rendered":"Descubre la Plaza de Toros de Ceheg\u00edn como nunca antes"},"content":{"rendered":"<p>Con motivo de su 125 aniversario, la Plaza de Toros de Ceheg\u00edn ser\u00e1 protagonista de un amplio programa de actividades culturales, tur\u00edsticas y patrimoniales pensado para poner en valor su historia y su papel en la identidad del municipio.<\/p>\n<p>Entre las propuestas destacan unas visitas guiadas especiales que permitir\u00e1n conocer de cerca los rincones, la historia y las curiosidades de este emblem\u00e1tico edificio.<\/p>\n<p>La primera visita tendr\u00e1 lugar el domingo 26 de julio<\/p>\n<p>11:30 horas<\/p>\n<p>Una oportunidad para redescubrir uno de los grandes s\u00edmbolos patrimoniales de Ceheg\u00edn y conocer la historia que guardan sus muros.<\/p>\n<p>Reservas en la\u00a0Oficina de turismo al tfno: 968 723 550<\/p>\n","protected":false},"featured_media":37795,"template":"","categories":[],"region_evento":[73],"class_list":["post-37963","evento","type-evento","status-publish","has-post-thumbnail","hentry","region_evento-cehegin"],"acf":[],"_links":{"self":[{"href":"https:\/\/tierrasdelaveracruz.com\/zh-hans\/wp-json\/wp\/v2\/evento\/37963","targetHints":{"allow":["GET"]}}],"collection":[{"href":"https:\/\/tierrasdelaveracruz.com\/zh-hans\/wp-json\/wp\/v2\/evento"}],"about":[{"href":"https:\/\/tierrasdelaveracruz.com\/zh-hans\/wp-json\/wp\/v2\/types\/evento"}],"wp:featuredmedia":[{"embeddable":true,"href":"https:\/\/tierrasdelaveracruz.com\/zh-hans\/wp-json\/wp\/v2\/media\/37795"}],"wp:attachment":[{"href":"https:\/\/tierrasdelaveracruz.com\/zh-hans\/wp-json\/wp\/v2\/media?parent=37963"}],"wp:term":[{"taxonomy":"category","embeddable":true,"href":"https:\/\/tierrasdelaveracruz.com\/zh-hans\/wp-json\/wp\/v2\/categories?post=37963"},{"taxonomy":"region_evento","embeddable":true,"href":"https:\/\/tierrasdelaveracruz.com\/zh-hans\/wp-json\/wp\/v2\/region_evento?post=37963"}],"curies":[{"name":"wp","href":"https:\/\/api.w.org\/{rel}","templated":true}]}}

Descubre la Plaza de Toros de Cehegín como nunca antes

<p>Con motivo de su 125 aniversario, la Plaza de Toros de Cehegín será protagonista de un amplio programa de actividades culturales, turísticas y patrimoniales pensado para poner en valor su historia y su papel en la identidad del municipio.</p>
<p>Entre las propuestas destacan unas visitas guiadas especiales que permitirán conocer de cerca los rincones, la historia y las curiosidades de este emblemático edificio.</p>
<p>La primera visita tendrá lugar el domingo 26 de julio</p>
<p>11:30 horas</p>
<p>Una oportunidad para redescubrir uno de los grandes símbolos patrimoniales de Cehegín y conocer la historia que guardan sus muros.</p>
<p>Reservas en la Oficina de turismo al tfno: 968 723 550</p>
