{"id":37945,"date":"2026-08-28T10:08:07","date_gmt":"2026-08-28T10:08:07","guid":{"rendered":"https:\/\/tierrasdelaveracruz.com\/eventos\/fiesta-de-las-cuadrillas-de-barranda\/"},"modified":"2026-09-01T10:17:01","modified_gmt":"2026-09-01T10:17:01","slug":"fiesta-de-las-cuadrillas-de-barranda","status":"publish","type":"evento","link":"https:\/\/tierrasdelaveracruz.com\/zh-hans\/eventos\/fiesta-de-las-cuadrillas-de-barranda\/","title":{"rendered":"Fiesta de Las Cuadrillas de Barranda"},"content":{"rendered":"<p>Nace en el a\u00f1o 1979 y su m\u00e9rito consiste en haberse convertido en <strong>un cl\u00e1sico entre las fiestas populares<\/strong> de la zona, siendo capaz de reunir a varios miles de personas que acuden con el aliciente de disfrutar durante todo un d\u00eda con la m\u00fasica popular, convirtiendo las calles de esta localidad en un <strong>enorme escenario popular donde se toca, se baila y se disfruta de la comida y el vino<\/strong>.<\/p>\n<p>La pedan\u00eda caravaque\u00f1a de Barranda, con menos de 900 habitantes, se convierte en una gran superpotencia sonora el <strong>\u00faltimo domingo de enero,<\/strong> d\u00eda en que se celebra esta fiesta de Inter\u00e9s Tur\u00edstico Nacional.<\/p>\n<p>M\u00fasicos y bailadores, muchos de ellos grandes maestros del g\u00e9nero, realizan sus <strong>piezas a pie de calle y entre miles de personas<\/strong>. Aqu\u00ed el p\u00fablico es parte activa, por lo que todo el mundo es libre de &#8220;echarse un baile&#8221; y tocar junto a los grupos de m\u00fasica popular.<\/p>\n<p>Por la ma\u00f1ana, entre <strong>doce y quince cuadrillas<\/strong> llegadas de todo el pa\u00eds se distribuyen estrat\u00e9gicamente a lo largo de las calles y plazas del pueblo para mostrar sus mejores bailes y ritmos.<\/p>\n<p>A media ma\u00f1ana, al p\u00fablico se le ofrece vino, bocadillos y patatas con ajo. A la hora de comer, a las cuadrillas se les recompensa con una<strong> comida t\u00edpica de la zona<\/strong>.<\/p>\n<p>Por la tarde tiene lugar &#8220;<strong>el choque de cuadrillas<\/strong>&#8220;, donde se representa la rivalidad pasada entre los m\u00fasicos tradicionales. Estos encuentros terminan siempre sald\u00e1ndose con originales improvisaciones, piezas comunes y espectaculares alardes musicales.<\/p>\n<p>Al caer la tarde, cuando el fr\u00edo empieza a encoger los cuerpos, la m\u00fasica y el baile se refugian en el Sal\u00f3n Social d<\/p>\n","protected":false},"featured_media":37634,"template":"","categories":[],"region_evento":[72],"class_list":["post-37945","evento","type-evento","status-publish","has-post-thumbnail","hentry","region_evento-caravaca"],"acf":[],"_links":{"self":[{"href":"https:\/\/tierrasdelaveracruz.com\/zh-hans\/wp-json\/wp\/v2\/evento\/37945","targetHints":{"allow":["GET"]}}],"collection":[{"href":"https:\/\/tierrasdelaveracruz.com\/zh-hans\/wp-json\/wp\/v2\/evento"}],"about":[{"href":"https:\/\/tierrasdelaveracruz.com\/zh-hans\/wp-json\/wp\/v2\/types\/evento"}],"wp:featuredmedia":[{"embeddable":true,"href":"https:\/\/tierrasdelaveracruz.com\/zh-hans\/wp-json\/wp\/v2\/media\/37634"}],"wp:attachment":[{"href":"https:\/\/tierrasdelaveracruz.com\/zh-hans\/wp-json\/wp\/v2\/media?parent=37945"}],"wp:term":[{"taxonomy":"category","embeddable":true,"href":"https:\/\/tierrasdelaveracruz.com\/zh-hans\/wp-json\/wp\/v2\/categories?post=37945"},{"taxonomy":"region_evento","embeddable":true,"href":"https:\/\/tierrasdelaveracruz.com\/zh-hans\/wp-json\/wp\/v2\/region_evento?post=37945"}],"curies":[{"name":"wp","href":"https:\/\/api.w.org\/{rel}","templated":true}]}}

<p>Nace en el año 1979 y su mérito consiste en haberse convertido en <strong>un clásico entre las fiestas populares</strong> de la zona, siendo capaz de reunir a varios miles de personas que acuden con el aliciente de disfrutar durante todo un día con la música popular, convirtiendo las calles de esta localidad en un <strong>enorme escenario popular donde se toca, se baila y se disfruta de la comida y el vino</strong>.</p>
<p>La pedanía caravaqueña de Barranda, con menos de 900 habitantes, se convierte en una gran superpotencia sonora el <strong>último domingo de enero,</strong> día en que se celebra esta fiesta de Interés Turístico Nacional.</p>
<p>Músicos y bailadores, muchos de ellos grandes maestros del género, realizan sus <strong>piezas a pie de calle y entre miles de personas</strong>. Aquí el público es parte activa, por lo que todo el mundo es libre de &#8220;echarse un baile&#8221; y tocar junto a los grupos de música popular.</p>
<p>Por la mañana, entre <strong>doce y quince cuadrillas</strong> llegadas de todo el país se distribuyen estratégicamente a lo largo de las calles y plazas del pueblo para mostrar sus mejores bailes y ritmos.</p>
<p>A media mañana, al público se le ofrece vino, bocadillos y patatas con ajo. A la hora de comer, a las cuadrillas se les recompensa con una<strong> comida típica de la zona</strong>.</p>
<p>Por la tarde tiene lugar &#8220;<strong>el choque de cuadrillas</strong>&#8220;, donde se representa la rivalidad pasada entre los músicos tradicionales. Estos encuentros terminan siempre saldándose con originales improvisaciones, piezas comunes y espectaculares alardes musicales.</p>
<p>Al caer la tarde, cuando el frío empieza a encoger los cuerpos, la música y el baile se refugian en el Salón Social d</p>
