{"id":37943,"date":"2026-08-28T10:08:07","date_gmt":"2026-08-28T10:08:07","guid":{"rendered":"https:\/\/tierrasdelaveracruz.com\/eventos\/feria-de-caravaca\/"},"modified":"2026-09-01T10:16:57","modified_gmt":"2026-09-01T10:16:57","slug":"feria-de-caravaca","status":"publish","type":"evento","link":"https:\/\/tierrasdelaveracruz.com\/fr\/eventos\/feria-de-caravaca\/","title":{"rendered":"Feria de Caravaca"},"content":{"rendered":"<p>Nos preparamos para una nueva edici\u00f3n de una cita que crece y se consolida cada a\u00f1o.<\/p>\n<p>\u00a0Contar\u00e1 con la gran exposici\u00f3n dedicada a la automoci\u00f3n y la maquinaria agr\u00edcola, que reunir\u00e1 novedades, propuestas y ofertas del sector.<\/p>\n<p>Y, adem\u00e1s, un amplio programa de actividades culturales, gastron\u00f3micas y l\u00fadicas para disfrutar de la feria en familia y con amigos.<\/p>\n","protected":false},"featured_media":37901,"template":"","categories":[],"region_evento":[72],"class_list":["post-37943","evento","type-evento","status-publish","has-post-thumbnail","hentry","region_evento-caravaca"],"acf":[],"_links":{"self":[{"href":"https:\/\/tierrasdelaveracruz.com\/fr\/wp-json\/wp\/v2\/evento\/37943","targetHints":{"allow":["GET"]}}],"collection":[{"href":"https:\/\/tierrasdelaveracruz.com\/fr\/wp-json\/wp\/v2\/evento"}],"about":[{"href":"https:\/\/tierrasdelaveracruz.com\/fr\/wp-json\/wp\/v2\/types\/evento"}],"wp:featuredmedia":[{"embeddable":true,"href":"https:\/\/tierrasdelaveracruz.com\/fr\/wp-json\/wp\/v2\/media\/37901"}],"wp:attachment":[{"href":"https:\/\/tierrasdelaveracruz.com\/fr\/wp-json\/wp\/v2\/media?parent=37943"}],"wp:term":[{"taxonomy":"category","embeddable":true,"href":"https:\/\/tierrasdelaveracruz.com\/fr\/wp-json\/wp\/v2\/categories?post=37943"},{"taxonomy":"region_evento","embeddable":true,"href":"https:\/\/tierrasdelaveracruz.com\/fr\/wp-json\/wp\/v2\/region_evento?post=37943"}],"curies":[{"name":"wp","href":"https:\/\/api.w.org\/{rel}","templated":true}]}}

<p>Nos preparamos para una nueva edición de una cita que crece y se consolida cada año.</p>
<p> Contará con la gran exposición dedicada a la automoción y la maquinaria agrícola, que reunirá novedades, propuestas y ofertas del sector.</p>
<p>Y, además, un amplio programa de actividades culturales, gastronómicas y lúdicas para disfrutar de la feria en familia y con amigos.</p>
