{"id":37965,"date":"2026-08-29T10:08:50","date_gmt":"2026-08-29T10:08:50","guid":{"rendered":"https:\/\/tierrasdelaveracruz.com\/eventos\/fiestas-patronales-de-cehegin\/"},"modified":"2026-09-01T10:17:07","modified_gmt":"2026-09-01T10:17:07","slug":"fiestas-patronales-de-cehegin","status":"publish","type":"evento","link":"https:\/\/tierrasdelaveracruz.com\/en\/eventos\/fiestas-patronales-de-cehegin\/","title":{"rendered":"Fiestas Patronales de Cehegin"},"content":{"rendered":"<p>Una programaci\u00f3n amplia y variada para todos los gustos y edades, con cultura, deporte, m\u00fasica, actividades infantiles, tradiciones y actos religiosos, adem\u00e1s de numerosas propuestas gratuitas<\/p>\n<p>Ceheg\u00edn se prepara para vivir intensamente sus Fiestas Patronales 2026 en Honor a la Virgen de las Maravillas, una celebraci\u00f3n profundamente arraigada en la identidad del municipio y que volver\u00e1 a reunir a los cehegineros en torno a la tradici\u00f3n, la convivencia y la devoci\u00f3n a su Patrona.<\/p>\n<p>El programa festivo, cuyo periodo central se desarrollar\u00e1 del 8 al 14 de septiembre, ha sido dise\u00f1ado para todos los p\u00fablicos y re\u00fane propuestas culturales, deportivas, infantiles, musicales, tradicionales y religiosas, junto a numerosas actividades de car\u00e1cter gratuito.<\/p>\n<p>Un programa que arranca el 29 de agosto<\/p>\n<p>Aunque los d\u00edas grandes de las fiestas ser\u00e1n del 8 al 14 de septiembre, la programaci\u00f3n comenzar\u00e1 ya el s\u00e1bado 29 de agosto con la recepci\u00f3n de autoridades, la inauguraci\u00f3n de la exposici\u00f3n Reinas del Siglo XXI y uno de los primeros grandes acontecimientos festivos: la Coronaci\u00f3n de la Reina y Damas de Honor y el Preg\u00f3n Oficial de las Fiestas Patronales, que pronunciar\u00e1 Mar\u00eda Senena Corbal\u00e1n Garc\u00eda en la Plaza del Castillo.<\/p>\n<p>Cultura y teatro con \u2018Begastri Esc\u00e9nica\u2019<\/p>\n<p>La cultura tendr\u00e1 un importante protagonismo con Begastri Esc\u00e9nica, el ciclo de teatro que ofrecer\u00e1 tres representaciones los d\u00edas 1, 2 y 3 de septiembre, a las 21:30 horas, en el Centro Cultural Adolfo Su\u00e1rez.<\/p>\n<p>A esta propuesta se sumar\u00e1n exposiciones y diferentes actividades art\u00edsticas que contribuir\u00e1n a enriquecer la programaci\u00f3n previa y festiva.<\/p>\n<p>\u00a0Una programaci\u00f3n<\/p>\n","protected":false},"featured_media":37948,"template":"","categories":[],"region_evento":[73],"class_list":["post-37965","evento","type-evento","status-publish","has-post-thumbnail","hentry","region_evento-cehegin"],"acf":[],"_links":{"self":[{"href":"https:\/\/tierrasdelaveracruz.com\/en\/wp-json\/wp\/v2\/evento\/37965","targetHints":{"allow":["GET"]}}],"collection":[{"href":"https:\/\/tierrasdelaveracruz.com\/en\/wp-json\/wp\/v2\/evento"}],"about":[{"href":"https:\/\/tierrasdelaveracruz.com\/en\/wp-json\/wp\/v2\/types\/evento"}],"wp:featuredmedia":[{"embeddable":true,"href":"https:\/\/tierrasdelaveracruz.com\/en\/wp-json\/wp\/v2\/media\/37948"}],"wp:attachment":[{"href":"https:\/\/tierrasdelaveracruz.com\/en\/wp-json\/wp\/v2\/media?parent=37965"}],"wp:term":[{"taxonomy":"category","embeddable":true,"href":"https:\/\/tierrasdelaveracruz.com\/en\/wp-json\/wp\/v2\/categories?post=37965"},{"taxonomy":"region_evento","embeddable":true,"href":"https:\/\/tierrasdelaveracruz.com\/en\/wp-json\/wp\/v2\/region_evento?post=37965"}],"curies":[{"name":"wp","href":"https:\/\/api.w.org\/{rel}","templated":true}]}}

<p>Una programación amplia y variada para todos los gustos y edades, con cultura, deporte, música, actividades infantiles, tradiciones y actos religiosos, además de numerosas propuestas gratuitas</p>
<p>Cehegín se prepara para vivir intensamente sus Fiestas Patronales 2026 en Honor a la Virgen de las Maravillas, una celebración profundamente arraigada en la identidad del municipio y que volverá a reunir a los cehegineros en torno a la tradición, la convivencia y la devoción a su Patrona.</p>
<p>El programa festivo, cuyo periodo central se desarrollará del 8 al 14 de septiembre, ha sido diseñado para todos los públicos y reúne propuestas culturales, deportivas, infantiles, musicales, tradicionales y religiosas, junto a numerosas actividades de carácter gratuito.</p>
<p>Un programa que arranca el 29 de agosto</p>
<p>Aunque los días grandes de las fiestas serán del 8 al 14 de septiembre, la programación comenzará ya el sábado 29 de agosto con la recepción de autoridades, la inauguración de la exposición Reinas del Siglo XXI y uno de los primeros grandes acontecimientos festivos: la Coronación de la Reina y Damas de Honor y el Pregón Oficial de las Fiestas Patronales, que pronunciará María Senena Corbalán García en la Plaza del Castillo.</p>
<p>Cultura y teatro con ‘Begastri Escénica’</p>
<p>La cultura tendrá un importante protagonismo con Begastri Escénica, el ciclo de teatro que ofrecerá tres representaciones los días 1, 2 y 3 de septiembre, a las 21:30 horas, en el Centro Cultural Adolfo Suárez.</p>
<p>A esta propuesta se sumarán exposiciones y diferentes actividades artísticas que contribuirán a enriquecer la programación previa y festiva.</p>
<p> Una programación</p>
