{"id":37962,"date":"2026-06-20T10:08:50","date_gmt":"2026-06-20T10:08:50","guid":{"rendered":"https:\/\/tierrasdelaveracruz.com\/eventos\/exposicion-ave-oriens-el-siglo-de-las-maravillas\/"},"modified":"2026-08-31T22:08:32","modified_gmt":"2026-08-31T22:08:32","slug":"exposicion-ave-oriens-el-siglo-de-las-maravillas","status":"publish","type":"evento","link":"https:\/\/tierrasdelaveracruz.com\/en\/eventos\/exposicion-ave-oriens-el-siglo-de-las-maravillas\/","title":{"rendered":"Exposici\u00f3n AVE ORIENS. El Siglo de las Maravillas"},"content":{"rendered":"<p>En el Museo Arqueol\u00f3gico de Ceheg\u00edn (Palacio de los Fajardo) se ha inaugurado la exposici\u00f3n AVE ORIENS. El Siglo de las Maravillas, uno de los grandes acontecimientos culturales, patrimoniales y espirituales del A\u00f1o Jubilar de Ceheg\u00edn 2025-2026.<\/p>\n<p>Una muestra \u00fanica que permitir\u00e1 recorrer siglos de historia, arte y devoci\u00f3n, con la Virgen de las Maravillas como gran protagonista y con piezas de extraordinario valor patrimonial reunidas por primera vez.<\/p>\n<p>Del 20 de junio al 8 de diciembre, Ceheg\u00edn se convierte en un referente cultural para todos aquellos que quieran descubrir la riqueza hist\u00f3rica y espiritual de nuestro municipio.<\/p>\n","protected":false},"featured_media":37757,"template":"","categories":[],"region_evento":[73],"class_list":["post-37962","evento","type-evento","status-publish","has-post-thumbnail","hentry","region_evento-cehegin"],"acf":[],"_links":{"self":[{"href":"https:\/\/tierrasdelaveracruz.com\/en\/wp-json\/wp\/v2\/evento\/37962","targetHints":{"allow":["GET"]}}],"collection":[{"href":"https:\/\/tierrasdelaveracruz.com\/en\/wp-json\/wp\/v2\/evento"}],"about":[{"href":"https:\/\/tierrasdelaveracruz.com\/en\/wp-json\/wp\/v2\/types\/evento"}],"wp:featuredmedia":[{"embeddable":true,"href":"https:\/\/tierrasdelaveracruz.com\/en\/wp-json\/wp\/v2\/media\/37757"}],"wp:attachment":[{"href":"https:\/\/tierrasdelaveracruz.com\/en\/wp-json\/wp\/v2\/media?parent=37962"}],"wp:term":[{"taxonomy":"category","embeddable":true,"href":"https:\/\/tierrasdelaveracruz.com\/en\/wp-json\/wp\/v2\/categories?post=37962"},{"taxonomy":"region_evento","embeddable":true,"href":"https:\/\/tierrasdelaveracruz.com\/en\/wp-json\/wp\/v2\/region_evento?post=37962"}],"curies":[{"name":"wp","href":"https:\/\/api.w.org\/{rel}","templated":true}]}}

Exposición AVE ORIENS. El Siglo de las Maravillas

<p>En el Museo Arqueológico de Cehegín (Palacio de los Fajardo) se ha inaugurado la exposición AVE ORIENS. El Siglo de las Maravillas, uno de los grandes acontecimientos culturales, patrimoniales y espirituales del Año Jubilar de Cehegín 2025-2026.</p>
<p>Una muestra única que permitirá recorrer siglos de historia, arte y devoción, con la Virgen de las Maravillas como gran protagonista y con piezas de extraordinario valor patrimonial reunidas por primera vez.</p>
<p>Del 20 de junio al 8 de diciembre, Cehegín se convierte en un referente cultural para todos aquellos que quieran descubrir la riqueza histórica y espiritual de nuestro municipio.</p>
